3, what is -c5 + -7?
-cc
In base 8, what is -4 - -4604?
4600
In base 8, what is 3 + -3102?
-3077
In base 2, what is -10110 + 11010?
100
In base 8, what is 3 - -4127?
4132
In base 4, what is 110011 + -110?
103301
In base 14, what is 9 - -13?
1c
In base 14, what is 2 - 11?
-d
In base 8, what is -25034 - -5?
-25027
In base 10, what is 822 + 0?
822
In base 4, what is -101011 + 112?
-100233
In base 14, what is -32 - 49?
-7b
In base 5, what is -1421 + 2?
-1414
In base 4, what is 121022 - 0?
121022
In base 13, what is 103 - -2?
105
In base 14, what is -1876 - 3?
-1879
In base 3, what is -1022001 - 21?
-1022022
In base 3, what is -100 + -10021?
-10121
In base 13, what is -333 - 8?
-33b
In base 15, what is -4 + 1ac?
1a8
In base 11, what is 2 - 1aa?
-1a8
In base 13, what is 5 - -2cb3?
2cb8
In base 13, what is -2 + 84?
82
In base 7, what is 5 - 6?
-1
In base 2, what is -101001 + 101?
-100100
In base 12, what is 4 - 142?
-13a
In base 11, what is 2 + 38a?
391
In base 4, what is 0 + 12331?
12331
In base 15, what is 148 + 17?
160
In base 12, what is 3263 + -3?
3260
In base 14, what is -cc + 2?
-ca
In base 3, what is -22112121 + -2?
-22112200
In base 13, what is -10 - c9?
-109
In base 11, what is -704 - -3?
-701
In base 2, what is -1011101101 + 110?
-1011100111
In base 14, what is c0 - -45?
125
In base 10, what is -5 - -2472?
2467
In base 10, what is -4 + 1056?
1052
In base 2, what is -100010 + 1001?
-11001
In base 10, what is -1 - -276?
275
In base 9, what is 134 - 4?
130
In base 15, what is -760 - -4?
-75b
In base 14, what is -4 + 55?
51
In base 15, what is -a6 - -b?
-9a
In base 16, what is 1f3 - 3?
1f0
In base 16, what is -b + -a?
-15
In base 11, what is -34 - 187?
-210
In base 11, what is -2a8 + 5?
-2a3
In base 9, what is -57 - 18?
-76
In base 7, what is -20 - 1304?
-1324
In base 5, what is 10 - 142?
-132
In base 2, what is -11000010010010 + 101?
-11000010001101
In base 14, what is 0 - -461?
461
In base 4, what is 2 - 1122?
-1120
In base 4, what is 110331 - -1?
110332
In base 8, what is 35 - -114?
151
In base 9, what is -106 - 1?
-107
In base 2, what is 1 - -10101?
10110
In base 8, what is 165 + 0?
165
In base 16, what is 5 - -4cf?
4d4
In base 4, what is 32 - -31?
123
In base 14, what is 2 + 339?
33b
In base 10, what is 0 + 32?
32
In base 11, what is 40a1 - -5?
40a6
In base 10, what is 3 + 210?
213
In base 3, what is 212 - -1220?
2202
In base 14, what is 4 + -3c?
-38
In base 3, what is -10 - 20221?
-21001
In base 9, what is 3 + -1486?
-1483
In base 2, what is -1101 - -11001100?
10111111
In base 6, what is 5345 + 11?
5400
In base 2, what is -10001 + -1000101?
-1010110
In base 8, what is -3 - 3?
-6
In base 11, what is 18 - 324?
-307
In base 11, what is -4 - -623?
61a
In base 9, what is 5 + -148?
-143
In base 2, what is -11000 + 10001?
-111
In base 13, what is -3 - 54?
-57
In base 15, what is 7d4 + 4?
7d8
In base 4, what is -1212300 + -10?
-1212310
In base 2, what is 10000011 - -1?
10000100
In base 8, what is -23 - -101?
56
In base 11, what is 44 + -1a?
25
In base 6, what is -2 - 2031?
-2033
In base 16, what is 140b - 3?
1408
In base 3, what is 11 - 111?
-100
In base 7, what is -154 - 103?
-260
In base 4, what is 122 - -2?
130
In base 10, what is -111 - 0?
-111
In base 12, what is 5 + 1632?
1637
In base 6, what is -1455 + -4?
-1503
In base 10, what is -19 + 0?
-19
In base 12, what is 1 - b5?
-b4
In base 5, what is 2 - 100?
-43
In base 8, what is -70 + 12?
-56
In base 14, what is 3 - 122?
-11d
In base 16, what is -24b8 - -3?
-24b5
In base 4, what is -10321 + 11?
-10310
In base 2, what is -110011101 - 10?
-110011111
In base 5, what is -13 - 313?
-331
In base 11, what is 4 + -26?
-22
In base 14, what is -14a + -b?
-157
In base 5, what is 1020010 + -2?
1020003
In base 3, what is 100001 - 10120?
12111
In base 7, what is -2434 + 2?
-2432
In base 5, what is 3001 + -10?
2441
In base 9, what is 4 + -68?
-64
In base 10, what is -230 - -2?
-228
In base 16, what is 7795 - -5?
779a
In base 11, what is 3 + 112a?
1132
In base 16, what is -3 + 924?
921
In base 4, what is -2312 - 110?
-3022
In base 2, what is -11101100001 + -110?
-11101100111
In base 4, what is 0 - -12200?
12200
In base 12, what is 48 + 32?
7a
In base 3, what is -112021 + -11?
-112102
In base 6, what is 2 - 333?
-331
In base 14, what is -5 - -90?
89
In base 15, what is -75 + -3b?
-b1
In base 2, what is 110 - 11110?
-11000
In base 15, what is -3 - 1603?
-1606
In base 14, what is -3 - 52?
-55
In base 15, what is 278b + 5?
2791
In base 5, what is 30 - 32?
-2
In base 16, what is -5 - -95?
90
In base 10, what is -1 + -19?
-20
In base 14, what is 0 - c?
-c
In base 15, what is 41 + 1b?
5c
In base 5, what is -12130 + -4?
-12134
In base 7, what is -112 + 33?
-46
In base 7, what is 4 - -235?
242
In base 13, what is 6 - -21c?
225
In base 8, what is 2 - 1472?
-1470
In base 10, what is -2 + 3?
1
In base 13, what is -8 - 61?
-69
In base 2, what is -10 + 100010000100?
100010000010
In base 2, what is -10010110000 - 0?
-10010110000
In base 8, what is 12441 - -1?
12442
In base 14, what is -5 + 43?
3c
In base 4, what is 11133 + -3?
11130
In base 9, what is 415 + -100?
315
In base 7, what is 5035 + 2?
5040
In base 13, what is -4880 - -4?
-4879
In base 4, what is 3 - -1122?
1131
In base 7, what is -1 + 262?
261
In base 11, what is 3 - -166?
169
In base 15, what is 5 - -7c?
82
In base 14, what is 1042 + 1?
1043
In base 16, what is 4 + -54?
-50
In base 11, what is 0 + -66a?
-66a
In base 15, what is -6ba - 4?
-6be
In base 13, what is 1b3 - 7?
1a9
In base 14, what is -64 + d?
-55
In base 15, what is 3 - 10b?
-108
In base 13, what is -23 + 46?
23
In base 6, what is -22 - 3?
-25
In base 4, what is 1220 + 10?
1230
In base 14, what is -472 + -2?
-474
In base 10, what is -721 - 5?
-726
In base 8, what is 5 + 33?
40
In base 15, what is cb - -4?
d0
In base 2, what is 10111001000 + 10000?
10111011000
In base 7, what is 2 + -3230?
-3225
In base 14, what is -35 + 39?
4
In base 5, what is -11210 - -10?
-11200
In base 11, what is 417 - 14?
403
In base 11, what is -2 + 1276?
1274
In base 4, what is -1013 + 21?
-332
In base 2, what is -100100110 + -10000?
-100110110
In base 13, what is 13 + 7?
1a
In base 16, what is 5 + 187?
18c
In base 8, what is 22 - 143?
-121
In base 8, what is 33 + -345?
-312
In base 4, what is -1 + 1212223?
1212222
In base 14, what is -2c + -69?
-97
In base 7, what is 0 - -143?
143
In base 9, what is -11 + -765?
-776
In base 2, what is -11 - -101100?
101001
In base 3, what is 0 - -2022120?
2022120
In base 4, what is 33 - 101221?
-101122
In base 7, what is -3 - -5301?
5265
In base 8, what is -3 - 170?
-173
In base 9, what is -36 + 361?
324
In base 2, what is -1100 - -101?
-111
In base 8, what is -1 + 17?
16
In base 15, what is 5 + 15e?
164
In base 15, what is 8 + -176?
-16d
In base 14, what is 5 - 254?
-24d
In base 12, what is -1a8 - 5?
-1b1
In base 5, what is -12 - 413?
-430
In base 6, what is 10 + -455?
-445
In base 2, what is -1 - -1011?
1010
In base 7, what is 3 - -10564?
10600
In base 16, what is 21 - 0?
21
In base 2, what is -10101010 + -100?
-10101110
In base 4, what is -2 + -122?
-130
In base 12, what is -209 + 7a?
-14b
In base 3, what is 1 - -2010?
2011
In base 8, what is 0 - -47?
47
In base 14, what is -2 + 11?
d
In base 5, what is -100241 + 0?
-100241
In base 11, what is 1 - 1a1?
-1a0
In base 16, what is 7 - 110?
-109
In base 7, what is -4 + -23?
-30
In base 16, what is -7 - -4?
-3
In base 13, what is -3 - -57?
54
In base 11, what is -5 + -48?
-52
In base 9, what is -1 + 88?
87
In base 5, what is 112 - -123?
240
In base 3, what is 0 - 2100?
-2100
In base 14, what is -717 - -5?
-712
In base 13, what is -b9 - 9?
-c5
In base 7, what is 52 + 355?
440
In base 8, what is -2355 - -2?
-2353
In base 3, what is 201000 + 12?
201012
In base 4, what is 1020 + -1200?
-120
In base 2, what is -10101 - -10101000?
10010011
In base 6, what is -5 - -401?
352
In base 12, what is 181 - 26?
157
In base 10, what is -15 - -1?
-14
In base 9, what is 3553 + 0?
3553
In base 5, what is -1134 - -101?
-1033
In base 16, what is 3 + -22?
-1f
In base 12, what is -6 + 67?
61
In base 9, what is 5 + -3?
2
In base 16, what is -29 + -20?
-49
In base 15, what is -3 + 6e2?
6de
In base 6, what is 1 - 104?
-103
In base 11, what is -150 + a?
-141
In bas